{"id":46264,"date":"2025-09-29T12:41:57","date_gmt":"2025-09-29T10:41:57","guid":{"rendered":"https:\/\/frei.devwebspace.info\/?post_type=tribe_events&amp;p=46264"},"modified":"2025-09-29T12:41:57","modified_gmt":"2025-09-29T10:41:57","slug":"concierto-muenchen-drei-kleine-hirten-und-das-grosse-weihnachtswunder","status":"publish","type":"tribe_events","link":"https:\/\/freieszenemuc.de\/en\/event\/concierto-muenchen-drei-kleine-hirten-und-das-grosse-weihnachtswunder\/","title":{"rendered":"concierto m\u00fcnchen: Drei kleine Hirten und das gro\u00dfe Weihnachtswunder"},"content":{"rendered":"<p>Ein Weihnachtsm\u00e4rchen von Georg Bl\u00fcml zur Musik von Johann Sebastian Bach (Weihnachtsoratorium)<\/p>\n<p>Karten bei <a href=\"http:\/\/www.muenchenticket.de\">M\u00fcnchen Ticket<\/a> (Tel. 089-54818181) und allen bekannten Vorverkaufsstellen<br \/>\nf\u00fcr Menschen ab 5 Jahre<\/p>\n<p>Die bewegende Geschichte von Simmi, Lea und Theis \u2013 drei Hirten, die in einer kalten Winternacht vor \u00fcber 2000 Jahren ein himmlisches Wunder erleben. Eine Nacht, in der der Stern \u00fcber Bethlehem leuchtet, Engel vom Himmel singen und das Jesuskind in einem einfachen Stall geboren wird. Freut Euch auf eine musikalische Reise zur ersten Heiligen Nacht \u2013 mit Fl\u00f6ten, Schalmeien, Gesang und einer Botschaft voller Hoffnung, Mut und Liebe.<\/p>\n<p>Erz\u00e4hlung: Sophie Wendt<br \/>\nSopran: Anna Krikheli<br \/>\nMezzosopran: Maria Helgath<br \/>\nTenor: Juli\u00e1n Henao<br \/>\nBariton: Philipp Gaiser<\/p>\n<p>Es spielt das Kammerorchester concierto m\u00fcnchen unter der Leitung von Carlos Dom\u00ednguez-Nieto.<\/p>\n<p><a href=\"http:\/\/www.concierto-muenchen.de\">www.concierto-muenchen.de<\/a><\/p>\n","protected":false},"excerpt":{"rendered":"<p>Ein Weihnachtsm\u00e4rchen von Georg Bl\u00fcml zur Musik von Johann Sebastian Bach (Weihnachtsoratorium) Karten bei M\u00fcnchen Ticket (Tel. 089-54818181) und allen bekannten Vorverkaufsstellen f\u00fcr Menschen ab 5 Jahre Die bewegende Geschichte [&hellip;]<\/p>\n","protected":false},"author":118,"featured_media":46265,"template":"","meta":{"_acf_changed":false,"_et_pb_use_builder":"","_et_pb_old_content":"","_et_gb_content_width":"","_price":"","_stock":"","_tribe_ticket_header":"","_tribe_default_ticket_provider":"","_tribe_ticket_capacity":"0","_ticket_start_date":"","_ticket_end_date":"","_tribe_ticket_show_description":"","_tribe_ticket_show_not_going":false,"_tribe_ticket_use_global_stock":"","_tribe_ticket_global_stock_level":"","_global_stock_mode":"","_global_stock_cap":"","_tribe_rsvp_for_event":"","_tribe_ticket_going_count":"","_tribe_ticket_not_going_count":"","_tribe_tickets_list":"[]","_tribe_ticket_has_attendee_info_fields":false,"_tribe_events_status":"","_tribe_events_status_reason":"","_tribe_events_is_hybrid":"","_tribe_events_is_virtual":"","_tribe_events_virtual_video_source":"","_tribe_events_virtual_embed_video":"","_tribe_events_virtual_linked_button_text":"","_tribe_events_virtual_linked_button":"","_tribe_events_virtual_show_embed_at":"","_tribe_events_virtual_show_embed_to":[],"_tribe_events_virtual_show_on_event":"","_tribe_events_virtual_show_on_views":"","_tribe_events_virtual_url":"","footnotes":"","_tec_slr_enabled":"","_tec_slr_layout":""},"tags":[],"tribe_events_cat":[37,34,190],"class_list":["post-46264","tribe_events","type-tribe_events","status-publish","has-post-thumbnail","hentry","tribe_events_cat-kinderkonzert","tribe_events_cat-lesung","tribe_events_cat-musik","cat_kinderkonzert","cat_lesung","cat_musik"],"acf":[],"ticketed":false,"_links":{"self":[{"href":"https:\/\/freieszenemuc.de\/en\/wp-json\/wp\/v2\/tribe_events\/46264","targetHints":{"allow":["GET"]}}],"collection":[{"href":"https:\/\/freieszenemuc.de\/en\/wp-json\/wp\/v2\/tribe_events"}],"about":[{"href":"https:\/\/freieszenemuc.de\/en\/wp-json\/wp\/v2\/types\/tribe_events"}],"author":[{"embeddable":true,"href":"https:\/\/freieszenemuc.de\/en\/wp-json\/wp\/v2\/users\/118"}],"version-history":[{"count":0,"href":"https:\/\/freieszenemuc.de\/en\/wp-json\/wp\/v2\/tribe_events\/46264\/revisions"}],"wp:featuredmedia":[{"embeddable":true,"href":"https:\/\/freieszenemuc.de\/en\/wp-json\/wp\/v2\/media\/46265"}],"wp:attachment":[{"href":"https:\/\/freieszenemuc.de\/en\/wp-json\/wp\/v2\/media?parent=46264"}],"wp:term":[{"taxonomy":"post_tag","embeddable":true,"href":"https:\/\/freieszenemuc.de\/en\/wp-json\/wp\/v2\/tags?post=46264"},{"taxonomy":"tribe_events_cat","embeddable":true,"href":"https:\/\/freieszenemuc.de\/en\/wp-json\/wp\/v2\/tribe_events_cat?post=46264"}],"curies":[{"name":"wp","href":"https:\/\/api.w.org\/{rel}","templated":true}]}}

concierto münchen: Drei kleine Hirten und das große Weihnachtswunder

<p>Ein Weihnachtsmärchen von Georg Blüml zur Musik von Johann Sebastian Bach (Weihnachtsoratorium)</p>
<p>Karten bei <a href="http://www.muenchenticket.de">München Ticket</a> (Tel. 089-54818181) und allen bekannten Vorverkaufsstellen<br />
für Menschen ab 5 Jahre</p>
<p>Die bewegende Geschichte von Simmi, Lea und Theis – drei Hirten, die in einer kalten Winternacht vor über 2000 Jahren ein himmlisches Wunder erleben. Eine Nacht, in der der Stern über Bethlehem leuchtet, Engel vom Himmel singen und das Jesuskind in einem einfachen Stall geboren wird. Freut Euch auf eine musikalische Reise zur ersten Heiligen Nacht – mit Flöten, Schalmeien, Gesang und einer Botschaft voller Hoffnung, Mut und Liebe.</p>
<p>Erzählung: Sophie Wendt<br />
Sopran: Anna Krikheli<br />
Mezzosopran: Maria Helgath<br />
Tenor: Julián Henao<br />
Bariton: Philipp Gaiser</p>
<p>Es spielt das Kammerorchester concierto münchen unter der Leitung von Carlos Domínguez-Nieto.</p>
<p><a href="http://www.concierto-muenchen.de">www.concierto-muenchen.de</a></p>

<p>Ein Weihnachtsmärchen von Georg Blüml zur Musik von Johann Sebastian Bach (Weihnachtsoratorium) Karten bei München Ticket (Tel. 089-54818181) und allen bekannten Vorverkaufsstellen für Menschen ab 5 Jahre Die bewegende Geschichte [&hellip;]</p>
