{"id":48068,"date":"2023-10-05T18:10:48","date_gmt":"2023-10-05T16:10:48","guid":{"rendered":"https:\/\/frei.devwebspace.info\/?post_type=tribe_events&amp;p=34514"},"modified":"2023-10-05T18:10:48","modified_gmt":"2023-10-05T16:10:48","slug":"den-berg-hoeren-2","status":"publish","type":"tribe_events","link":"https:\/\/freieszenemuc.de\/en\/event\/den-berg-hoeren-2\/","title":{"rendered":"Miriam Jakob &amp; Felix Cla\u00dfen: Schw\u00e4chezonen"},"content":{"rendered":"<div class=\"mtext\"><\/div>\n<div class=\"mcats mtext\">\n<p>Recherche-Pr\u00e4sentation \/ Listening Session &#8211; Schw\u00e4chezonen<\/p>\n<p>mit anschlie\u00dfendem Publikumsgespr\u00e4ch<\/p>\n<p>\u201cSchw\u00e4chezonen\u201d ist ein experimentelles H\u00f6r-Format, das sich an der Schnittstelle von zeitgeno\u0308ssischer Choreografie, kulturwissenschaftlichen Perspektiven auf die Klimakrise sowie Klangkunst verortet. In Kollaboration mit dem Musiker und Klangk\u00fcnstler Felix Cla\u00dfen lud Jakob eine Ta\u0308nzerin, zwei Theoretiker*innen aus den Tanz- und Kulturwissenschaften und zwei Geomorpholog:innen zu ku\u0308nstlerisch-wissenschaftlichen Dialogen u\u0308ber den auseinanderbrechenden Berg Hochvogel an der deutsch-o\u0308sterreichischen Grenze ein. Dessen sich spaltender Gipfel wurde von Forschenden des GFZ Potsdam mit Gesteinsmikrofonen versehen, die die Spannungen und Risse im Inneren des Berges in Kla\u0308nge umwandeln welche zu Taktgebern fu\u0308r eine choreografische Anna\u0308herung an die Landschaft und ihre Bewohner*innen werden. Das vor Ort gesammelte Ko\u0308rperwissen, Bewegungsbeschreibungen, Interviews und Fieldrecordings verknu\u0308pfen sich zu einem multiperspektivischen Ho\u0308rstu\u0308ck u\u0308ber ku\u0308nstlerische und sinnliche Zuga\u0308nge zur o\u0308kologischen Transformation und somatischem Klimawandelwissen.<\/p>\n<p><strong>Termin:<\/strong>\u00a0FR 24.11. | 20:00<br \/>\n<strong>Ort:\u00a0<\/strong>PATHOS theater<\/div>\n<div class=\"mcats mtext\"><strong>Tickets:<\/strong>\u00a03 \u20acKonzept: Miriam Jakob, Felix Cla\u00dfen | Tanz, Somatische Forschung: Arantxa Martinez, Miriam Jakob | Sensorische Ethnografie, Dramaturgie: Dr. Susanne Schmitt &amp; Dr. Maximilian Haas | Geomorphologie: Dr. Anne Voigtl\u00e4nder, Dr. Michael Dietze | Produktion: Carina Herring, Lokale Akteur*innen: B\u00e4rbel Bentele, Hildegard Simon, Martin Weber, Wolfgang Zeller<\/p>\n<\/div>\n<div class=\"mtext\">\n<p>Gef\u00f6rdert durch Prozessf\u00f6rderung Fonds DaKu<\/p>\n<p>&nbsp;<\/p>\n<p>\u00a9 Foto Felix Cla\u00dfen<\/p>\n<\/div>\n","protected":false},"excerpt":{"rendered":"<p>Recherche-Pr\u00e4sentation \/ Listening Session &#8211; Schw\u00e4chezonen mit anschlie\u00dfendem Publikumsgespr\u00e4ch \u201cSchw\u00e4chezonen\u201d ist ein experimentelles H\u00f6r-Format, das sich an der Schnittstelle von zeitgeno\u0308ssischer Choreografie, kulturwissenschaftlichen Perspektiven auf die Klimakrise sowie Klangkunst verortet. [&hellip;]<\/p>\n","protected":false},"author":152,"featured_media":34515,"template":"","meta":{"_acf_changed":false,"_et_pb_use_builder":"","_et_pb_old_content":"","_et_gb_content_width":"","_price":"","_stock":"","_tribe_ticket_header":"","_tribe_default_ticket_provider":"","_tribe_ticket_capacity":"0","_ticket_start_date":"","_ticket_end_date":"","_tribe_ticket_show_description":"","_tribe_ticket_show_not_going":false,"_tribe_ticket_use_global_stock":"","_tribe_ticket_global_stock_level":"","_global_stock_mode":"","_global_stock_cap":"","_tribe_rsvp_for_event":"","_tribe_ticket_going_count":"","_tribe_ticket_not_going_count":"","_tribe_tickets_list":"[]","_tribe_ticket_has_attendee_info_fields":false,"_tribe_events_status":"","_tribe_events_status_reason":"","_tribe_events_is_hybrid":"","_tribe_events_is_virtual":"","_tribe_events_virtual_video_source":"","_tribe_events_virtual_embed_video":"","_tribe_events_virtual_linked_button_text":"","_tribe_events_virtual_linked_button":"","_tribe_events_virtual_show_embed_at":"","_tribe_events_virtual_show_embed_to":[],"_tribe_events_virtual_show_on_event":"","_tribe_events_virtual_show_on_views":"","_tribe_events_virtual_url":"","footnotes":"","_tec_slr_enabled":"","_tec_slr_layout":""},"tags":[380,994],"tribe_events_cat":[379,993],"class_list":["post-48068","tribe_events","type-tribe_events","status-publish","has-post-thumbnail","hentry","tag-film","tag-film-screening","tribe_events_cat-film","tribe_events_cat-film-screening","cat_film","cat_film-screening"],"acf":[],"ticketed":false,"_links":{"self":[{"href":"https:\/\/freieszenemuc.de\/en\/wp-json\/wp\/v2\/tribe_events\/48068","targetHints":{"allow":["GET"]}}],"collection":[{"href":"https:\/\/freieszenemuc.de\/en\/wp-json\/wp\/v2\/tribe_events"}],"about":[{"href":"https:\/\/freieszenemuc.de\/en\/wp-json\/wp\/v2\/types\/tribe_events"}],"author":[{"embeddable":true,"href":"https:\/\/freieszenemuc.de\/en\/wp-json\/wp\/v2\/users\/152"}],"version-history":[{"count":0,"href":"https:\/\/freieszenemuc.de\/en\/wp-json\/wp\/v2\/tribe_events\/48068\/revisions"}],"wp:featuredmedia":[{"embeddable":true,"href":"https:\/\/freieszenemuc.de\/en\/wp-json\/wp\/v2\/media\/34515"}],"wp:attachment":[{"href":"https:\/\/freieszenemuc.de\/en\/wp-json\/wp\/v2\/media?parent=48068"}],"wp:term":[{"taxonomy":"post_tag","embeddable":true,"href":"https:\/\/freieszenemuc.de\/en\/wp-json\/wp\/v2\/tags?post=48068"},{"taxonomy":"tribe_events_cat","embeddable":true,"href":"https:\/\/freieszenemuc.de\/en\/wp-json\/wp\/v2\/tribe_events_cat?post=48068"}],"curies":[{"name":"wp","href":"https:\/\/api.w.org\/{rel}","templated":true}]}}

Miriam Jakob &amp; Felix Claßen: Schwächezonen

<div class="mtext"></div>
<div class="mcats mtext">
<p>Recherche-Präsentation / Listening Session &#8211; Schwächezonen</p>
<p>mit anschließendem Publikumsgespräch</p>
<p>“Schwächezonen” ist ein experimentelles Hör-Format, das sich an der Schnittstelle von zeitgenössischer Choreografie, kulturwissenschaftlichen Perspektiven auf die Klimakrise sowie Klangkunst verortet. In Kollaboration mit dem Musiker und Klangkünstler Felix Claßen lud Jakob eine Tänzerin, zwei Theoretiker*innen aus den Tanz- und Kulturwissenschaften und zwei Geomorpholog:innen zu künstlerisch-wissenschaftlichen Dialogen über den auseinanderbrechenden Berg Hochvogel an der deutsch-österreichischen Grenze ein. Dessen sich spaltender Gipfel wurde von Forschenden des GFZ Potsdam mit Gesteinsmikrofonen versehen, die die Spannungen und Risse im Inneren des Berges in Klänge umwandeln welche zu Taktgebern für eine choreografische Annäherung an die Landschaft und ihre Bewohner*innen werden. Das vor Ort gesammelte Körperwissen, Bewegungsbeschreibungen, Interviews und Fieldrecordings verknüpfen sich zu einem multiperspektivischen Hörstück über künstlerische und sinnliche Zugänge zur ökologischen Transformation und somatischem Klimawandelwissen.</p>
<p><strong>Termin:</strong> FR 24.11. | 20:00<br />
<strong>Ort: </strong>PATHOS theater</div>
<div class="mcats mtext"><strong>Tickets:</strong> 3 €Konzept: Miriam Jakob, Felix Claßen | Tanz, Somatische Forschung: Arantxa Martinez, Miriam Jakob | Sensorische Ethnografie, Dramaturgie: Dr. Susanne Schmitt &amp; Dr. Maximilian Haas | Geomorphologie: Dr. Anne Voigtländer, Dr. Michael Dietze | Produktion: Carina Herring, Lokale Akteur*innen: Bärbel Bentele, Hildegard Simon, Martin Weber, Wolfgang Zeller</p>
</div>
<div class="mtext">
<p>Gefördert durch Prozessförderung Fonds DaKu</p>
<p>&nbsp;</p>
<p>© Foto Felix Claßen</p>
</div>

<p>Recherche-Präsentation / Listening Session &#8211; Schwächezonen mit anschließendem Publikumsgespräch “Schwächezonen” ist ein experimentelles Hör-Format, das sich an der Schnittstelle von zeitgenössischer Choreografie, kulturwissenschaftlichen Perspektiven auf die Klimakrise sowie Klangkunst verortet. [&hellip;]</p>
