{"id":48216,"date":"2023-07-25T08:51:50","date_gmt":"2023-07-25T06:51:50","guid":{"rendered":"https:\/\/frei.devwebspace.info\/?post_type=tribe_events&amp;p=32710"},"modified":"2023-07-25T08:51:50","modified_gmt":"2023-07-25T06:51:50","slug":"werkmuenchen-musiktheater-buecher-und-schluessel-2","status":"publish","type":"tribe_events","link":"https:\/\/freieszenemuc.de\/en\/event\/werkmuenchen-musiktheater-buecher-und-schluessel-2\/","title":{"rendered":"werkm\u00fcnchen Musiktheater: &#8220;B\u00fccher und Schl\u00fcssel&#8221;"},"content":{"rendered":"<p>Eine Operncollage, R: Kristina Wuss<\/p>\n<p>\u201eEs hei\u00dft, B\u00fccher finden ihre Leser \u2013 aber manchmal brauchen sie jemanden, der ihnen den Weg weist. So war es auch an diesem Sp\u00e4tsommertag in der Buchhandlung, die sich <em>Am Stadttor<\/em> nannte, obwohl das Stadttor oder besser dessen \u00dcberreste, die die meisten B\u00fcrger f\u00fcr ein gewagtes Kunstwerk hielten, gute drei Kreuzungen entfernt lag. [\u2026]\u201c<\/p>\n<p>\u201eCarl verlie\u00df Christian von Hohenesch \u2013 doch eigentlich verlie\u00df er jemand anderen. Denn Carl sah Spiegelungen von Romanen in unserer realen Welt. F\u00fcr ihn war die Stadt bev\u00f6lkert von Personen aus B\u00fcchern, [\u2026].\u201c\u00a0\u00a0\u00a0\u00a0\u00a0\u00a0\u00a0\u00a0\u00a0\u00a0\u00a0\u00a0\u00a0\u00a0\u00a0\u00a0\u00a0\u00a0\u00a0\u00a0\u00a0\u00a0\u00a0\u00a0\u00a0\u00a0\u00a0\u00a0\u00a0\u00a0\u00a0\u00a0\u00a0\u00a0\u00a0\u00a0\u00a0\u00a0\u00a0\u00a0 <em>Der Buchspazierer, Carsten Henn, 2020, Piper M\u00fcnchen, S. 7, 20<\/em><\/p>\n<p>Das Musiktheater setzt nach Seite 225 an. Der Romandeckel schlie\u00dft sich. Der Buchspazierer Carl Kollhoff aus Carsten Henns Werk hat mit der Hilfe der neunj\u00e4hrigen Sch\u00fclerin Schascha ein neues Leben begonnen. Pl\u00f6tzlich erweitert sich seine Route auf die Altstadt von M\u00fcnchen. Operngestalten begegnen ihm da und M\u00fcnchner Originale. Der Roman-Autor Carsten Henn wirkt in einer \u00fcberraschenden Wendung dieser Opern-Szenenfolge mit. Die singenden Mitwirkenden kommen aus Karlsruhe, Berlin, Bremen, M\u00fcnchen.<\/p>\n<p>Mit: Norbert Heckner (Carl), Constanze Liebert (Buchh\u00e4ndlerin, Juliette, Gabriele, Lisa), Beatrice Mannel (Rusalka, Suor Angelika, Marschallin), Christiana Aloneftis (Jolanta, Li\u00f9, Musetta), Ariana Gibbard (Octavian, Carmen), Venicia S. Rasmussen (Madame Butterfly, Elisa-betta), Alexandros Tsilogiannis a.G. v. G\u00e4rtnerplatztheater (Pinkerton), Nata\u0161a \u0110ikanovi\u0107 (Arabella, Salome), Stefan Hahn (Sou Chong, Don Jos\u00e9), Moritz Kugler (Figaro), Georg Lickleder (Bass), Guido Drell (Faust), Horst Kalchschmid (Dr. Richard Strauss), Hans Winter (Horn), Helmut Knesewitsch\u00a0 (\u201eIsarm\u00e4rchen\u201c)<\/p>\n<p>Henri Bonamy (ML), Thomas Jagusch (Klavier), Kristina Wuss.de (Inszenierung), Ralf R. Stegemann (Kost\u00fcm), Sascha Ladewig (Licht), Wolfgang Schlick (Helikon), Mariana Browne (Figurentheater)<\/p>\n<p>Reservierung: <a href=\"mailto:karten@theater-werkmuenchen.de\">karten@theater-werkmuenchen.de<\/a>, Abholung an der Abendkasse ab 19:00 Uhr,\u00a0Information: 01787636603<\/p>\n","protected":false},"excerpt":{"rendered":"<p>Eine Operncollage, R: Kristina Wuss \u201eEs hei\u00dft, B\u00fccher finden ihre Leser \u2013 aber manchmal brauchen sie jemanden, der ihnen den Weg weist. So war es auch an diesem Sp\u00e4tsommertag in [&hellip;]<\/p>\n","protected":false},"author":118,"featured_media":32711,"template":"","meta":{"_acf_changed":false,"_et_pb_use_builder":"","_et_pb_old_content":"","_et_gb_content_width":"","_price":"","_stock":"","_tribe_ticket_header":"","_tribe_default_ticket_provider":"","_tribe_ticket_capacity":"0","_ticket_start_date":"","_ticket_end_date":"","_tribe_ticket_show_description":"","_tribe_ticket_show_not_going":false,"_tribe_ticket_use_global_stock":"","_tribe_ticket_global_stock_level":"","_global_stock_mode":"","_global_stock_cap":"","_tribe_rsvp_for_event":"","_tribe_ticket_going_count":"","_tribe_ticket_not_going_count":"","_tribe_tickets_list":"[]","_tribe_ticket_has_attendee_info_fields":false,"_tribe_events_status":"","_tribe_events_status_reason":"","_tribe_events_is_hybrid":"","_tribe_events_is_virtual":"","_tribe_events_virtual_video_source":"","_tribe_events_virtual_embed_video":"","_tribe_events_virtual_linked_button_text":"","_tribe_events_virtual_linked_button":"","_tribe_events_virtual_show_embed_at":"","_tribe_events_virtual_show_embed_to":[],"_tribe_events_virtual_show_on_event":"","_tribe_events_virtual_show_on_views":"","_tribe_events_virtual_url":"","footnotes":"","_tec_slr_enabled":"","_tec_slr_layout":""},"tags":[],"tribe_events_cat":[35],"class_list":["post-48216","tribe_events","type-tribe_events","status-publish","has-post-thumbnail","hentry","tribe_events_cat-musiktheater","cat_musiktheater"],"acf":[],"ticketed":false,"_links":{"self":[{"href":"https:\/\/freieszenemuc.de\/en\/wp-json\/wp\/v2\/tribe_events\/48216","targetHints":{"allow":["GET"]}}],"collection":[{"href":"https:\/\/freieszenemuc.de\/en\/wp-json\/wp\/v2\/tribe_events"}],"about":[{"href":"https:\/\/freieszenemuc.de\/en\/wp-json\/wp\/v2\/types\/tribe_events"}],"author":[{"embeddable":true,"href":"https:\/\/freieszenemuc.de\/en\/wp-json\/wp\/v2\/users\/118"}],"version-history":[{"count":0,"href":"https:\/\/freieszenemuc.de\/en\/wp-json\/wp\/v2\/tribe_events\/48216\/revisions"}],"wp:featuredmedia":[{"embeddable":true,"href":"https:\/\/freieszenemuc.de\/en\/wp-json\/wp\/v2\/media\/32711"}],"wp:attachment":[{"href":"https:\/\/freieszenemuc.de\/en\/wp-json\/wp\/v2\/media?parent=48216"}],"wp:term":[{"taxonomy":"post_tag","embeddable":true,"href":"https:\/\/freieszenemuc.de\/en\/wp-json\/wp\/v2\/tags?post=48216"},{"taxonomy":"tribe_events_cat","embeddable":true,"href":"https:\/\/freieszenemuc.de\/en\/wp-json\/wp\/v2\/tribe_events_cat?post=48216"}],"curies":[{"name":"wp","href":"https:\/\/api.w.org\/{rel}","templated":true}]}}

werkmünchen Musiktheater: &#8220;Bücher und Schlüssel&#8221;

<p>Eine Operncollage, R: Kristina Wuss</p>
<p>„Es heißt, Bücher finden ihre Leser – aber manchmal brauchen sie jemanden, der ihnen den Weg weist. So war es auch an diesem Spätsommertag in der Buchhandlung, die sich <em>Am Stadttor</em> nannte, obwohl das Stadttor oder besser dessen Überreste, die die meisten Bürger für ein gewagtes Kunstwerk hielten, gute drei Kreuzungen entfernt lag. […]“</p>
<p>„Carl verließ Christian von Hohenesch – doch eigentlich verließ er jemand anderen. Denn Carl sah Spiegelungen von Romanen in unserer realen Welt. Für ihn war die Stadt bevölkert von Personen aus Büchern, […].“                                         <em>Der Buchspazierer, Carsten Henn, 2020, Piper München, S. 7, 20</em></p>
<p>Das Musiktheater setzt nach Seite 225 an. Der Romandeckel schließt sich. Der Buchspazierer Carl Kollhoff aus Carsten Henns Werk hat mit der Hilfe der neunjährigen Schülerin Schascha ein neues Leben begonnen. Plötzlich erweitert sich seine Route auf die Altstadt von München. Operngestalten begegnen ihm da und Münchner Originale. Der Roman-Autor Carsten Henn wirkt in einer überraschenden Wendung dieser Opern-Szenenfolge mit. Die singenden Mitwirkenden kommen aus Karlsruhe, Berlin, Bremen, München.</p>
<p>Mit: Norbert Heckner (Carl), Constanze Liebert (Buchhändlerin, Juliette, Gabriele, Lisa), Beatrice Mannel (Rusalka, Suor Angelika, Marschallin), Christiana Aloneftis (Jolanta, Liù, Musetta), Ariana Gibbard (Octavian, Carmen), Venicia S. Rasmussen (Madame Butterfly, Elisa-betta), Alexandros Tsilogiannis a.G. v. Gärtnerplatztheater (Pinkerton), Nataša Đikanović (Arabella, Salome), Stefan Hahn (Sou Chong, Don José), Moritz Kugler (Figaro), Georg Lickleder (Bass), Guido Drell (Faust), Horst Kalchschmid (Dr. Richard Strauss), Hans Winter (Horn), Helmut Knesewitsch  („Isarmärchen“)</p>
<p>Henri Bonamy (ML), Thomas Jagusch (Klavier), Kristina Wuss.de (Inszenierung), Ralf R. Stegemann (Kostüm), Sascha Ladewig (Licht), Wolfgang Schlick (Helikon), Mariana Browne (Figurentheater)</p>
<p>Reservierung: <a href="mailto:karten@theater-werkmuenchen.de">karten@theater-werkmuenchen.de</a>, Abholung an der Abendkasse ab 19:00 Uhr, Information: 01787636603</p>

<p>Eine Operncollage, R: Kristina Wuss „Es heißt, Bücher finden ihre Leser – aber manchmal brauchen sie jemanden, der ihnen den Weg weist. So war es auch an diesem Spätsommertag in [&hellip;]</p>
