{"id":49627,"date":"2026-03-04T16:01:03","date_gmt":"2026-03-04T15:01:03","guid":{"rendered":"https:\/\/freieszenemuc.de\/?post_type=tribe_events&#038;p=49627"},"modified":"2026-03-05T10:22:36","modified_gmt":"2026-03-05T09:22:36","slug":"spagat-theater-be-my-guest-12-steffi-denk-my-kind-of-soul-3","status":"publish","type":"tribe_events","link":"https:\/\/freieszenemuc.de\/en\/event\/spagat-theater-be-my-guest-12-steffi-denk-my-kind-of-soul-3\/","title":{"rendered":"Spagat Theater: Be My Guest #12 &#8211; Steffi Denk &#8220;My Kind Of Soul&#8221;"},"content":{"rendered":"<p><strong>Wann<\/strong>: Mi, 13. Mai. 2026 | 20:00<br \/>\n<strong>Wo<\/strong>: Spagat Theater<br \/>\n<strong>Eintritt<\/strong>: 22\u20ac | 18\u20ac | 12\u20ac | 30\u20ac<br \/>\n<strong>Einlass<\/strong>: kurz vor Vorstellungsbeginn<br \/>\n<a href=\"https:\/\/www.spagat-theater.de\/veranstaltungen\/be-my-guest-12\/2026-05-13-2000\">Hier geht es zur Reservierung!<\/a><\/p>\n<p>Durch ihre Vorbilder Ella Fitzgerald und Aretha Franklin entwickelte sich die Regensburgerin Steffi Denk zur Liebhaberin von Soul, R&amp;B und allem, was groovt. Mit ihrer Power kann sie jeden Saal m\u00fchelos f\u00fcllen und zeigt im transparenten Dialog mit Sven Faller, dass ihre Stimme um keine Nuance verlegen ist. Dazu kommt eine elektrische B\u00fchnenpr\u00e4senz, die auch ihren Humor aufblitzen l\u00e4sst.<\/p>\n<p><strong>Vocal<\/strong> Steffi Denk<br \/>\n<strong>Kontrabass<\/strong>, <strong>Electronics<\/strong> Sven Faller<br \/>\n<strong>Schlagzeug<\/strong>, <strong>Percussion<\/strong> Stefan Noelle<\/p>\n","protected":false},"excerpt":{"rendered":"<p>Wann: Mi, 13. Mai. 2026 | 20:00 Wo: Spagat Theater Eintritt: 22\u20ac | 18\u20ac | 12\u20ac | 30\u20ac Einlass: kurz vor Vorstellungsbeginn Hier geht es zur Reservierung! Durch ihre Vorbilder [&hellip;]<\/p>\n","protected":false},"author":321,"featured_media":49628,"template":"","meta":{"_acf_changed":false,"_et_pb_use_builder":"","_et_pb_old_content":"","_et_gb_content_width":"","_price":"","_stock":"","_tribe_ticket_header":"","_tribe_default_ticket_provider":"","_tribe_ticket_capacity":"0","_ticket_start_date":"","_ticket_end_date":"","_tribe_ticket_show_description":"","_tribe_ticket_show_not_going":false,"_tribe_ticket_use_global_stock":"","_tribe_ticket_global_stock_level":"","_global_stock_mode":"","_global_stock_cap":"","_tribe_rsvp_for_event":"","_tribe_ticket_going_count":"","_tribe_ticket_not_going_count":"","_tribe_tickets_list":"[]","_tribe_ticket_has_attendee_info_fields":false,"_tribe_events_status":"","_tribe_events_status_reason":"","_tribe_events_is_hybrid":"","_tribe_events_is_virtual":"","_tribe_events_virtual_video_source":"","_tribe_events_virtual_embed_video":"","_tribe_events_virtual_linked_button_text":"","_tribe_events_virtual_linked_button":"","_tribe_events_virtual_show_embed_at":"","_tribe_events_virtual_show_embed_to":[],"_tribe_events_virtual_show_on_event":"","_tribe_events_virtual_show_on_views":"","_tribe_events_virtual_url":"","footnotes":"","_tec_slr_enabled":"","_tec_slr_layout":""},"tags":[699,1241,700,1380,1467],"tribe_events_cat":[25],"class_list":["post-49627","tribe_events","type-tribe_events","status-publish","has-post-thumbnail","hentry","tag-be-my-guest","tag-spagat-theater","tag-stefan-noelle","tag-steffi-denk","tag-sven-valler","tribe_events_cat-konzert","cat_konzert"],"acf":[],"ticketed":false,"_links":{"self":[{"href":"https:\/\/freieszenemuc.de\/en\/wp-json\/wp\/v2\/tribe_events\/49627","targetHints":{"allow":["GET"]}}],"collection":[{"href":"https:\/\/freieszenemuc.de\/en\/wp-json\/wp\/v2\/tribe_events"}],"about":[{"href":"https:\/\/freieszenemuc.de\/en\/wp-json\/wp\/v2\/types\/tribe_events"}],"author":[{"embeddable":true,"href":"https:\/\/freieszenemuc.de\/en\/wp-json\/wp\/v2\/users\/321"}],"version-history":[{"count":3,"href":"https:\/\/freieszenemuc.de\/en\/wp-json\/wp\/v2\/tribe_events\/49627\/revisions"}],"predecessor-version":[{"id":49649,"href":"https:\/\/freieszenemuc.de\/en\/wp-json\/wp\/v2\/tribe_events\/49627\/revisions\/49649"}],"wp:featuredmedia":[{"embeddable":true,"href":"https:\/\/freieszenemuc.de\/en\/wp-json\/wp\/v2\/media\/49628"}],"wp:attachment":[{"href":"https:\/\/freieszenemuc.de\/en\/wp-json\/wp\/v2\/media?parent=49627"}],"wp:term":[{"taxonomy":"post_tag","embeddable":true,"href":"https:\/\/freieszenemuc.de\/en\/wp-json\/wp\/v2\/tags?post=49627"},{"taxonomy":"tribe_events_cat","embeddable":true,"href":"https:\/\/freieszenemuc.de\/en\/wp-json\/wp\/v2\/tribe_events_cat?post=49627"}],"curies":[{"name":"wp","href":"https:\/\/api.w.org\/{rel}","templated":true}]}}

<p><strong>Wann</strong>: Mi, 13. Mai. 2026 | 20:00<br />
<strong>Wo</strong>: Spagat Theater<br />
<strong>Eintritt</strong>: 22€ | 18€ | 12€ | 30€<br />
<strong>Einlass</strong>: kurz vor Vorstellungsbeginn<br />
<a href="https://www.spagat-theater.de/veranstaltungen/be-my-guest-12/2026-05-13-2000">Hier geht es zur Reservierung!</a></p>
<p>Durch ihre Vorbilder Ella Fitzgerald und Aretha Franklin entwickelte sich die Regensburgerin Steffi Denk zur Liebhaberin von Soul, R&amp;B und allem, was groovt. Mit ihrer Power kann sie jeden Saal mühelos füllen und zeigt im transparenten Dialog mit Sven Faller, dass ihre Stimme um keine Nuance verlegen ist. Dazu kommt eine elektrische Bühnenpräsenz, die auch ihren Humor aufblitzen lässt.</p>
<p><strong>Vocal</strong> Steffi Denk<br />
<strong>Kontrabass</strong>, <strong>Electronics</strong> Sven Faller<br />
<strong>Schlagzeug</strong>, <strong>Percussion</strong> Stefan Noelle</p>
